*m - 2. Let n be q(-6). Let h = p + n. What is the remainder when h is divided by 7?
0
Calculate the remainder when 6547 is divided by (-64)/(-72) + 39862/171.
229
Suppose 3*g + 64 = 2*k, -3*g = 2*k + 3*k - 160. Suppose -8373 - 1835 = -k*q. What is the remainder when q is divided by 8?
7
Suppose -5*r + 3 = -2, 3*r = -5*b + 133. Let z = 107 - b. What is the remainder when z is divided by 23?
12
Let v = 169 + -166. Calculate the remainder when 430 is divided by v.
1
Suppose -35*p + 192 + 487 = 62*p. Suppose -2*c + 3 - 1 = 0. What is the remainder when p is divided by c?
0
What is the remainder when 3/(441/94829) - (-10)/(-105) is divided by 18?
15
Let s(d) = -d**3 + 16*d**2 - 13*d - 19. Let z(m) = 15*m**2. Let u be ((-1)/3)/(3/(-9)). Let j be z(u). Calculate the remainder when s(j) is divided by 3.
2
Let m be (-14 - -11)/(3/(-2)). Suppose m*z = 362 - 206. Calculate the remainder when z is divided by 10.
8
Let j(q) = -q**2 + 8*q + 5. Suppose -374*b = 5276 - 16870. Calculate the remainder when b is divided by j(6).
14
Let u = 78 - 200. Let b = u + 131. What is the remainder when 22 is divided by b?
4
Let c = -29 + 261. Let a = -155 + c. What is the remainder when a is divided by 39?
38
Let w = -53 + 50. Let g be ((-35)/(-3))/7 + 2/w. Suppose 2*l - 67 = -g. What is the remainder when l is divided by 9?
6
Let r be (-1 - -2) + 235/47. What is the remainder when 8 is divided by 4/(r - 2) - -7?
0
Let b(a) = 44*a + 4. Let y be b(1). Suppose 0 = -y*u + 57*u - 153. What is the remainder when 25 is divided by u?
8
Suppose 3*v + 2*w - 796 = 202, 4*w + 1364 = 4*v. Suppose v = -4*y + 12*y. Let h = -22 + y. Calculate the remainder when h is divided by 9.
2
Let f = -14646 + 17064. What is the remainder when f is divided by 1204?
10
Let b(n) = 2*n**3 - 155*n + 24. Let k = -403 + 589. What is the remainder when k is divided by b(0)?
18
Let o = 0 + -3. Suppose -350 + 525 = 25*r. What is the remainder when 321/12 + o/(-12) is divided by r?
6
Suppose -2*d - 2*z - 12 = 0, d + 3*z = -3*d - 22. Let c = d - -11. Let k = 515 - 497. What is the remainder when k is divided by c?
4
Suppose 6*i - 17 - 7 = 0. Suppose -i*x - 18 = -6*x. Suppose -x*p + 60 = -4*p. Calculate the remainder when 45 is divided by p.
9
Let h(n) = -n**3 - 50*n**2 + 148*n + 2312. Let u(k) = -k**3 + 5*k**2 + 8*k - 7. Calculate the remainder when h(-52) is divided by u(6).
4
Suppose 2*i - 15*i = -15646 - 48665. What is the remainder when i is divided by 3?
0
Suppose -22*p = 254 - 430. Let m(u) = 5*u**3 + 3*u**2 + 2*u + 1. Let i be m(-2). Let v = 58 + i. What is the remainder when v is divided by p?
3
Suppose 24 = 3*o - 366. What is the remainder when 404 is divided by o?
14
Let l(z) = z**2 + z + 1. What is the remainder when 60/(-675)*-935 - (-3)/(-27) is divided by l(-5)?
20
Let w = 2230 - 522. What is the remainder when w is divided by 57?
55
Let u = -16179 - -16394. Calculate the remainder when 9243 is divided by u.
213
Suppose 3*f + 75 = l, f - 40 - 3 = -l. Calculate the remainder when 438 is divided by l.
30
Let x(l) be the first derivative of l**3/3 - 13*l**2 - 3*l - 9. Calculate the remainder when 88 is divided by x(27).
16
Let q = 2166 - 1984. Calculate the remainder when 596 is divided by q.
50
Let u(l) = -l**2 - 34*l + 42. Let t = -302 - -289. Calculate the remainder when u(t) is divided by 108.
99
Let b = 40 - 37. Let o be 18 - 7 - (1 + b). Let n = o + 9. What is the remainder when 95 is divided by n?
15
Let o be -2 + 2*-1 + (-15 - -216). Let h = 225 - o. Let x = 32 - 22. Calculate the remainder when h is divided by x.
8
Suppose -247*n = -42*n - 143705. Calculate the remainder when n is divided by 29.
5
Let m(p) = -p**3 + 6*p - 4. Let g be m(-3). Suppose g*j + 489 = 1644. Let f = 251 + -192. What is the remainder when j is divided by f?
54
Let l be (1*30)/(3/(-3)). Let d = l + 37. Calculate the remainder when 22 is divided by 4/1 + d + -3.
6
What is the remainder when 981 is divided by ((-3)/(-2))/((-105)/490) - 6*-3?
2
Suppose 24*h - 34*h = -320. Suppose -3*y + 2*q = -h, -34 = -5*y + 2*y + q. Calculate the remainder when 47 is divided by y.
11
Suppose -3*d - 78 = -n, 4*n = -3*d + 2*d + 299. Let j = n + -70. Calculate the remainder when 11 is divided by j.
1
Let r(b) = -b**2 + 23*b + 15. Let w be r(27). Let p = w + 155. Calculate the remainder when (1/(-3))/1 + p/6 is divided by 6.
4
Let v be -2 + 1/1 - (2 + 57). Let r = v - -104. What is the remainder when (0 - -126 - 0) + 4 is divided by r?
42
Let h(a) = -a**3 - a**2 + a + 26. Let t = -61 + 49. Let g = t - -28. What is the remainder when h(0) is divided by g?
10
Suppose -133*t = -182*t + 61054. What is the remainder when t is divided by 48?
46
Let j(p) = -25*p - 70. Let g be j(-3). Suppose 5*n = -g*o + 150 + 305, -5*o = -2*n + 147. What is the remainder when 170 is divided by n?
84
Let h(n) = 205*n - 2442. What is the remainder when 496 is divided by h(12)?
10
What is the remainder when (2/(-3) - (-28)/(-30))*1174340/(-1136) is divided by 187?
158
Suppose 0 = 5*c + 5, 11*h + 4*c - 104 = 9*h. Let f(y) = y + 8. Calculate the remainder when h is divided by f(-3).
4
Suppose -14*k = -138503 + 138335. Calculate the remainder when 7139 is divided by k.
11
Suppose 12*u + 458 = 13*u. Let z = -437 + u. What is the remainder when 180 is divided by z?
12
Let i(r) be the second derivative of -23*r**3/6 - 71*r**2/2 + r + 1. What is the remainder when i(-9) is divided by 40?
16
Let t = -28 + 38. Suppose 2 = 4*h - t. Suppose 0 = 4*o - h*o - 82. What is the remainder when o is divided by 14?
12
Let s(a) = -28*a**2 + 9*a + 12. Let y be s(-3). Let z = -242 - y. Calculate the remainder when 172 is divided by z.
22
Let i be 2*(-4)/(40/(-3375)) - 3. Suppose -72 = 10*g - i. Calculate the remainder when g is divided by 33.
27
Suppose -399*h + 407*h = 912. What is the remainder when h is divided by 82?
32
Let f be (-6 - -3 - 130) + 3. Suppose -2*t + 4 = -2, -5*t - 144 = h. Let m = f - h. Calculate the remainder when 83 is divided by m.
25
What is the remainder when (-32)/(-3)*(-14418)/(-54) is divided by 124?
120
Suppose 2 = 2*p - 3*x, 0 = -p + x + 6 - 4. Suppose -4*j - 37 = -r, 0 = -3*r - 2916*j + 2913*j - 24. Calculate the remainder when p is divided by r.
0
Let p = 19913 + -19884. Calculate the remainder when p is divided by 13.
3
Suppose 400 = f + 4*f. Let g be ((-100)/(-6))/(4/6). Let c(o) = -4*o + 127. Calculate the remainder when f is divided by c(g).
26
Let p = -327 + 220. Let u = p + 283. What is the remainder when u is divided by 30?
26
Suppose 4*i - 3*w - 136 = 0, -17*i - 144 = -21*i + 5*w. What is the remainder when 138 is divided by i?
14
Let m(t) = 21*t - 2. Let j be m(-3). Let q = -4 - j. Suppose 5*p + 15 = 5, 0 = -h + 3*p + 15. What is the remainder when q is divided by h?
7
Let s = 154 + -218. Let k = s + 90. Suppose -m - k - 49 = -3*z, -3*z - 2*m = -66. Calculate the remainder when 69 is divided by z.
21
Let n = -1149 + 4856. Calculate the remainder when n is divided by 206.
205
Let j(i) = i**3 + 3*i**2 + 3. Let v be j(-3). Suppose q - 16 = -v*q, -3*q - 84 = -3*o. Suppose 8*d - o - 128 = 0. What is the remainder when 99 is divided by d?
19
Let z(p) = -p**3 + 25*p**2 - 63*p - 33. Let r be z(22). Suppose -29*b + r*b - 2196 = 0. Calculate the remainder when b is divided by 46.
43
Let q = 10 - 27. Let n = -28 - q. Let h = n - -25. Calculate the remainder when 41 is divided by h.
13
Let f = 564 - 560. Suppose 3*v = -3*g + 60, 5*g - 26 - 70 = -f*v. Suppose -4*y + 94 = 5*b - 64, 5*b = -y + 152. What is the remainder when b is divided by g?
14
Suppose 5*a - 228 = -y, 5*y = 118*a - 122*a + 1287. Calculate the remainder when 652 is divided by y.
126
Let v = 4256 + -3243. Calculate the remainder when v is divided by 26.
25
Suppose 2799 - 2790 = w. Suppose -2*u = u - 6. Suppose u*k + w = 31. What is the remainder when k is divided by 7?
4
Let x(k) = 13*k - 15 + 3*k - k**2 + 4*k - 6 + 7. Calculate the remainder when x(5) is divided by 16.
13
Suppose -19 = -x + 21. Suppose -4*z + 4*p = -x, 2*z - 3*z + 2*p = -11. Let w = 97 + -55. Calculate the remainder when w is divided by z.
6
Suppose 3*a = 2*q - 28, q + 4*q + 2*a - 108 = 0. Calculate the remainder when 572 is divided by q.
12
Let f(s) = -2*s**2 - 68*s - 169. Calculate the remainder when f(-22) is divided 